{"id":35,"date":"2024-10-10T16:08:07","date_gmt":"2024-10-10T16:08:07","guid":{"rendered":"https:\/\/luandeiroscapoeira.com.br\/?page_id=35"},"modified":"2024-10-10T20:25:41","modified_gmt":"2024-10-10T20:25:41","slug":"mestre-peixe","status":"publish","type":"page","link":"https:\/\/luandeiroscapoeira.com.br\/index.php\/mestre-peixe\/","title":{"rendered":"Mestre Peixe"},"content":{"rendered":"\t\t<div data-elementor-type=\"wp-page\" data-elementor-id=\"35\" class=\"elementor elementor-35\" data-elementor-post-type=\"page\">\n\t\t\t\t<div class=\"elementor-element elementor-element-3a52b11 e-flex e-con-boxed e-con e-parent\" data-id=\"3a52b11\" data-element_type=\"container\">\n\t\t\t\t\t<div class=\"e-con-inner\">\n\t\t<div class=\"elementor-element elementor-element-0ace934 e-con-full e-flex e-con e-child\" data-id=\"0ace934\" data-element_type=\"container\" data-settings=\"{&quot;background_background&quot;:&quot;classic&quot;}\">\n\t\t\t\t<div class=\"elementor-element elementor-element-4c5ab97 elementor-widget__width-initial elementor-widget elementor-widget-image\" data-id=\"4c5ab97\" data-element_type=\"widget\" data-widget_type=\"image.default\">\n\t\t\t\t<div class=\"elementor-widget-container\">\n\t\t\t\t\t\t\t\t\t\t\t\t\t<img fetchpriority=\"high\" decoding=\"async\" width=\"326\" height=\"484\" src=\"https:\/\/luandeiroscapoeira.com.br\/wp-content\/uploads\/2024\/10\/WhatsApp-Image-2024-10-10-at-12.58.30.jpeg\" class=\"attachment-large size-large wp-image-107\" alt=\"\" srcset=\"https:\/\/luandeiroscapoeira.com.br\/wp-content\/uploads\/2024\/10\/WhatsApp-Image-2024-10-10-at-12.58.30.jpeg 326w, https:\/\/luandeiroscapoeira.com.br\/wp-content\/uploads\/2024\/10\/WhatsApp-Image-2024-10-10-at-12.58.30-202x300.jpeg 202w\" sizes=\"(max-width: 326px) 100vw, 326px\" \/>\t\t\t\t\t\t\t\t\t\t\t\t\t<\/div>\n\t\t\t\t<\/div>\n\t\t<div class=\"elementor-element elementor-element-a8c1ffd e-con-full e-flex e-con e-child\" data-id=\"a8c1ffd\" data-element_type=\"container\">\n\t\t\t\t<div class=\"elementor-element elementor-element-64d3df0 animated-slow elementor-invisible elementor-widget elementor-widget-heading\" data-id=\"64d3df0\" data-element_type=\"widget\" data-settings=\"{&quot;_animation&quot;:&quot;slideInUp&quot;}\" data-widget_type=\"heading.default\">\n\t\t\t\t<div class=\"elementor-widget-container\">\n\t\t\t<h2 class=\"elementor-heading-title elementor-size-default\">MESTRE <BR>PEIXE<\/h2>\t\t<\/div>\n\t\t\t\t<\/div>\n\t\t\t\t<div class=\"elementor-element elementor-element-6563135 elementor-widget elementor-widget-text-editor\" data-id=\"6563135\" data-element_type=\"widget\" data-widget_type=\"text-editor.default\">\n\t\t\t\t<div class=\"elementor-widget-container\">\n\t\t\t\t\t\t\t<p>Raul Novais, conhecido na capoeira, como, mestre peixe iniciou a capoeira no ano de 1994 no ax\u00e9 opoafonj\u00e1 com o mestre barba branca, chegou no grupo Luanda no ano 1997 se graduando at\u00e9 a corda de contramestre com o mestre jacarand\u00e1 ano de 2024 sendo reconhecido a mestre pelo mestre bemvindo no dia da funda\u00e7\u00e3o do grupo Luandeiros.<\/p>\t\t\t\t\t\t<\/div>\n\t\t\t\t<\/div>\n\t\t\t\t<div class=\"elementor-element elementor-element-3b64f47 elementor-align-left elementor-widget elementor-widget-button\" data-id=\"3b64f47\" data-element_type=\"widget\" data-widget_type=\"button.default\">\n\t\t\t\t<div class=\"elementor-widget-container\">\n\t\t\t\t\t<div class=\"elementor-button-wrapper\">\n\t\t\t<a class=\"elementor-button elementor-button-link elementor-size-lg elementor-animation-grow\" href=\"#\">\n\t\t\t\t\t\t<span class=\"elementor-button-content-wrapper\">\n\t\t\t\t\t\t\t\t\t<span class=\"elementor-button-text\">FALE COMIGO<\/span>\n\t\t\t\t\t<\/span>\n\t\t\t\t\t<\/a>\n\t\t<\/div>\n\t\t\t\t<\/div>\n\t\t\t\t<\/div>\n\t\t\t\t<\/div>\n\t\t\t\t<\/div>\n\t\t\t\t\t<\/div>\n\t\t\t\t<\/div>\n\t\t\t\t<\/div>\n\t\t","protected":false},"excerpt":{"rendered":"<p>MESTRE PEIXE Raul Novais, conhecido na capoeira, como, mestre peixe iniciou a capoeira no ano de 1994 no ax\u00e9 opoafonj\u00e1 com o mestre barba branca, chegou no grupo Luanda no ano 1997 se graduando at\u00e9 a corda de contramestre com o mestre jacarand\u00e1 ano de 2024 sendo reconhecido a mestre pelo mestre bemvindo no dia [&hellip;]<\/p>\n","protected":false},"author":1,"featured_media":0,"parent":0,"menu_order":0,"comment_status":"closed","ping_status":"closed","template":"elementor_header_footer","meta":{"footnotes":""},"class_list":["post-35","page","type-page","status-publish","hentry"],"_links":{"self":[{"href":"https:\/\/luandeiroscapoeira.com.br\/index.php\/wp-json\/wp\/v2\/pages\/35","targetHints":{"allow":["GET"]}}],"collection":[{"href":"https:\/\/luandeiroscapoeira.com.br\/index.php\/wp-json\/wp\/v2\/pages"}],"about":[{"href":"https:\/\/luandeiroscapoeira.com.br\/index.php\/wp-json\/wp\/v2\/types\/page"}],"author":[{"embeddable":true,"href":"https:\/\/luandeiroscapoeira.com.br\/index.php\/wp-json\/wp\/v2\/users\/1"}],"replies":[{"embeddable":true,"href":"https:\/\/luandeiroscapoeira.com.br\/index.php\/wp-json\/wp\/v2\/comments?post=35"}],"version-history":[{"count":4,"href":"https:\/\/luandeiroscapoeira.com.br\/index.php\/wp-json\/wp\/v2\/pages\/35\/revisions"}],"predecessor-version":[{"id":110,"href":"https:\/\/luandeiroscapoeira.com.br\/index.php\/wp-json\/wp\/v2\/pages\/35\/revisions\/110"}],"wp:attachment":[{"href":"https:\/\/luandeiroscapoeira.com.br\/index.php\/wp-json\/wp\/v2\/media?parent=35"}],"curies":[{"name":"wp","href":"https:\/\/api.w.org\/{rel}","templated":true}]}}